Last updated on 2022-04-24 03:52:41 CEST.
Flavor | Version | Tinstall | Tcheck | Ttotal | Status | Flags |
---|---|---|---|---|---|---|
r-devel-linux-x86_64-debian-clang | 0.2.0 | 5.42 | 74.26 | 79.68 | OK | |
r-devel-linux-x86_64-debian-gcc | 0.2.0 | 4.36 | 55.55 | 59.91 | OK | |
r-devel-linux-x86_64-fedora-clang | 0.2.0 | 93.57 | NOTE | |||
r-devel-linux-x86_64-fedora-gcc | 0.2.0 | 83.92 | NOTE | |||
r-patched-linux-x86_64 | 0.2.0 | 3.48 | 68.87 | 72.35 | OK | |
r-release-linux-x86_64 | 0.2.0 | 4.03 | 65.61 | 69.64 | OK | |
r-release-macos-arm64 | 0.2.0 | NOTE | ||||
r-release-macos-x86_64 | 0.2.0 | NOTE | ||||
r-release-windows-x86_64 | 0.2.0 | 12.00 | 100.00 | 112.00 | OK | |
r-oldrel-macos-arm64 | 0.2.0 | NOTE | ||||
r-oldrel-macos-x86_64 | 0.2.0 | NOTE | ||||
r-oldrel-windows-ix86+x86_64 | 0.2.0 | 13.00 | 97.00 | 110.00 | OK |
Version: 0.2.0
Check: data for non-ASCII characters
Result: NOTE
Note: found 2 marked UTF-8 strings
Flavors: r-devel-linux-x86_64-fedora-clang, r-devel-linux-x86_64-fedora-gcc, r-release-macos-arm64, r-release-macos-x86_64, r-oldrel-macos-arm64, r-oldrel-macos-x86_64