Last updated on 2022-04-24 03:52:41 CEST.
Flavor | Version | Tinstall | Tcheck | Ttotal | Status | Flags |
---|---|---|---|---|---|---|
r-devel-linux-x86_64-debian-clang | 0.1.1 | 1.93 | 32.22 | 34.15 | OK | |
r-devel-linux-x86_64-debian-gcc | 0.1.1 | 1.43 | 24.64 | 26.07 | OK | |
r-devel-linux-x86_64-fedora-clang | 0.1.1 | 40.84 | NOTE | |||
r-devel-linux-x86_64-fedora-gcc | 0.1.1 | 31.02 | NOTE | |||
r-patched-linux-x86_64 | 0.1.1 | 1.92 | 30.51 | 32.43 | OK | |
r-release-linux-x86_64 | 0.1.1 | 1.82 | 29.69 | 31.51 | OK | |
r-release-macos-arm64 | 0.1.1 | NOTE | ||||
r-release-macos-x86_64 | 0.1.1 | NOTE | ||||
r-release-windows-x86_64 | 0.1.1 | 17.00 | 48.00 | 65.00 | OK | |
r-oldrel-macos-arm64 | 0.1.1 | NOTE | ||||
r-oldrel-macos-x86_64 | 0.1.1 | NOTE | ||||
r-oldrel-windows-ix86+x86_64 | 0.1.1 | 5.00 | 38.00 | 43.00 | OK |
Version: 0.1.1
Check: data for non-ASCII characters
Result: NOTE
Note: found 60 marked UTF-8 strings
Flavors: r-devel-linux-x86_64-fedora-clang, r-devel-linux-x86_64-fedora-gcc, r-release-macos-arm64, r-release-macos-x86_64, r-oldrel-macos-arm64, r-oldrel-macos-x86_64