Last updated on 2022-04-24 03:52:41 CEST.
Flavor | Version | Tinstall | Tcheck | Ttotal | Status | Flags |
---|---|---|---|---|---|---|
r-devel-linux-x86_64-debian-clang | 0.4.0 | 5.03 | 77.68 | 82.71 | OK | |
r-devel-linux-x86_64-debian-gcc | 0.4.0 | 3.44 | 59.03 | 62.47 | OK | |
r-devel-linux-x86_64-fedora-clang | 0.4.0 | 97.45 | NOTE | |||
r-devel-linux-x86_64-fedora-gcc | 0.4.0 | 88.03 | NOTE | |||
r-patched-linux-x86_64 | 0.4.0 | 4.40 | 73.76 | 78.16 | OK | |
r-release-linux-x86_64 | 0.4.0 | 3.18 | 68.42 | 71.60 | OK | |
r-release-macos-arm64 | 0.4.0 | NOTE | ||||
r-release-macos-x86_64 | 0.4.0 | NOTE | ||||
r-release-windows-x86_64 | 0.4.0 | 23.00 | 92.00 | 115.00 | OK | |
r-oldrel-macos-arm64 | 0.4.0 | NOTE | ||||
r-oldrel-macos-x86_64 | 0.4.0 | NOTE | ||||
r-oldrel-windows-ix86+x86_64 | 0.4.0 | 19.00 | 83.00 | 102.00 | OK |
Version: 0.4.0
Check: data for non-ASCII characters
Result: NOTE
Note: found 468 marked UTF-8 strings
Flavors: r-devel-linux-x86_64-fedora-clang, r-devel-linux-x86_64-fedora-gcc, r-release-macos-arm64, r-release-macos-x86_64, r-oldrel-macos-arm64, r-oldrel-macos-x86_64