Last updated on 2022-04-24 03:52:41 CEST.
Flavor | Version | Tinstall | Tcheck | Ttotal | Status | Flags |
---|---|---|---|---|---|---|
r-devel-linux-x86_64-debian-clang | 1.1.1 | 8.85 | 148.57 | 157.42 | OK | |
r-devel-linux-x86_64-debian-gcc | 1.1.1 | 7.44 | 109.29 | 116.73 | OK | |
r-devel-linux-x86_64-fedora-clang | 1.1.1 | 180.75 | NOTE | |||
r-devel-linux-x86_64-fedora-gcc | 1.1.1 | 170.79 | NOTE | |||
r-patched-linux-x86_64 | 1.1.1 | 6.35 | 139.40 | 145.75 | OK | |
r-release-linux-x86_64 | 1.1.1 | 7.49 | 142.37 | 149.86 | OK | |
r-release-macos-arm64 | 1.1.1 | NOTE | ||||
r-release-macos-x86_64 | 1.1.1 | NOTE | ||||
r-release-windows-x86_64 | 1.1.1 | 28.00 | 208.00 | 236.00 | OK | |
r-oldrel-macos-arm64 | 1.1.1 | NOTE | ||||
r-oldrel-macos-x86_64 | 1.1.1 | NOTE | ||||
r-oldrel-windows-ix86+x86_64 | 1.1.1 | 15.00 | 188.00 | 203.00 | OK |
Version: 1.1.1
Check: dependencies in R code
Result: NOTE
Namespaces in Imports field not imported from:
‘R6’ ‘readr’ ‘uuid’
All declared Imports should be used.
Flavors: r-devel-linux-x86_64-fedora-clang, r-devel-linux-x86_64-fedora-gcc, r-release-macos-arm64, r-release-macos-x86_64, r-oldrel-macos-arm64, r-oldrel-macos-x86_64