Last updated on 2022-04-24 03:52:41 CEST.
Flavor | Version | Tinstall | Tcheck | Ttotal | Status | Flags |
---|---|---|---|---|---|---|
r-devel-linux-x86_64-debian-clang | 0.1.0 | 6.50 | 312.84 | 319.34 | OK | |
r-devel-linux-x86_64-debian-gcc | 0.1.0 | 4.72 | 212.02 | 216.74 | OK | |
r-devel-linux-x86_64-fedora-clang | 0.1.0 | 369.96 | NOTE | |||
r-devel-linux-x86_64-fedora-gcc | 0.1.0 | 361.91 | NOTE | |||
r-patched-linux-x86_64 | 0.1.0 | 7.05 | 281.78 | 288.83 | OK | |
r-release-linux-x86_64 | 0.1.0 | 5.49 | 277.88 | 283.37 | OK | |
r-release-macos-arm64 | 0.1.0 | NOTE | ||||
r-release-macos-x86_64 | 0.1.0 | NOTE | ||||
r-release-windows-x86_64 | 0.1.0 | 29.00 | 309.00 | 338.00 | OK | |
r-oldrel-macos-arm64 | 0.1.0 | NOTE | ||||
r-oldrel-macos-x86_64 | 0.1.0 | NOTE | ||||
r-oldrel-windows-ix86+x86_64 | 0.1.0 | 17.00 | 329.00 | 346.00 | OK |
Version: 0.1.0
Check: dependencies in R code
Result: NOTE
Namespaces in Imports field not imported from:
‘mclust’ ‘rlang’
All declared Imports should be used.
Flavors: r-devel-linux-x86_64-fedora-clang, r-devel-linux-x86_64-fedora-gcc, r-release-macos-arm64, r-release-macos-x86_64, r-oldrel-macos-arm64, r-oldrel-macos-x86_64