Last updated on 2022-04-24 03:52:41 CEST.
Flavor | Version | Tinstall | Tcheck | Ttotal | Status | Flags |
---|---|---|---|---|---|---|
r-devel-linux-x86_64-debian-clang | 0.8.3 | 141.57 | 223.34 | 364.91 | OK | |
r-devel-linux-x86_64-debian-gcc | 0.8.3 | 130.21 | 155.59 | 285.80 | OK | |
r-devel-linux-x86_64-fedora-clang | 0.8.3 | 493.11 | NOTE | |||
r-devel-linux-x86_64-fedora-gcc | 0.8.3 | 493.17 | OK | |||
r-patched-linux-x86_64 | 0.8.3 | 129.27 | 223.12 | 352.39 | OK | |
r-release-linux-x86_64 | 0.8.3 | 127.06 | 218.22 | 345.28 | OK | |
r-release-macos-arm64 | 0.8.3 | NOTE | ||||
r-release-macos-x86_64 | 0.8.3 | NOTE | ||||
r-release-windows-x86_64 | 0.8.3 | 94.00 | 399.00 | 493.00 | NOTE | |
r-oldrel-macos-arm64 | 0.8.3 | NOTE | ||||
r-oldrel-macos-x86_64 | 0.8.3 | NOTE | ||||
r-oldrel-windows-ix86+x86_64 | 0.8.3 | 300.00 | 451.00 | 751.00 | NOTE |
Version: 0.8.3
Check: installed package size
Result: NOTE
installed size is 44.7Mb
sub-directories of 1Mb or more:
doc 1.4Mb
libs 43.0Mb
Flavors: r-devel-linux-x86_64-fedora-clang, r-release-macos-arm64, r-release-macos-x86_64, r-release-windows-x86_64, r-oldrel-macos-arm64, r-oldrel-macos-x86_64, r-oldrel-windows-ix86+x86_64