Last updated on 2022-04-24 03:52:41 CEST.
| Flavor | Version | Tinstall | Tcheck | Ttotal | Status | Flags | 
|---|---|---|---|---|---|---|
| r-devel-linux-x86_64-debian-clang | 0.3.2 | 4.59 | 186.85 | 191.44 | NOTE | |
| r-devel-linux-x86_64-debian-gcc | 0.3.2 | 3.43 | 128.63 | 132.06 | NOTE | |
| r-devel-linux-x86_64-fedora-clang | 0.3.2 | 212.02 | NOTE | |||
| r-devel-linux-x86_64-fedora-gcc | 0.3.2 | 210.90 | NOTE | |||
| r-patched-linux-x86_64 | 0.3.2 | 3.21 | 169.43 | 172.64 | NOTE | |
| r-release-linux-x86_64 | 0.3.2 | 4.31 | 163.08 | 167.39 | NOTE | |
| r-release-macos-arm64 | 0.3.2 | NOTE | ||||
| r-release-macos-x86_64 | 0.3.2 | NOTE | ||||
| r-release-windows-x86_64 | 0.3.2 | 27.00 | 195.00 | 222.00 | NOTE | |
| r-oldrel-macos-arm64 | 0.3.2 | NOTE | ||||
| r-oldrel-macos-x86_64 | 0.3.2 | NOTE | ||||
| r-oldrel-windows-ix86+x86_64 | 0.3.2 | 9.00 | 186.00 | 195.00 | NOTE | 
Version: 0.3.2
Check: LazyData
Result: NOTE
      'LazyData' is specified without a 'data' directory
Flavors: r-devel-linux-x86_64-debian-clang, r-devel-linux-x86_64-debian-gcc, r-devel-linux-x86_64-fedora-clang, r-devel-linux-x86_64-fedora-gcc, r-patched-linux-x86_64, r-release-linux-x86_64, r-release-macos-arm64, r-release-macos-x86_64, r-release-windows-x86_64, r-oldrel-macos-arm64, r-oldrel-macos-x86_64, r-oldrel-windows-ix86+x86_64
Version: 0.3.2
Check: Rd cross-references
Result: NOTE
    Undeclared package ‘foreach’ in Rd xrefs
Flavor: r-devel-linux-x86_64-fedora-clang