Last updated on 2022-04-24 03:52:41 CEST.
Flavor | Version | Tinstall | Tcheck | Ttotal | Status | Flags |
---|---|---|---|---|---|---|
r-devel-linux-x86_64-debian-clang | 1.0.1 | 15.12 | 594.43 | 609.55 | OK | |
r-devel-linux-x86_64-debian-gcc | 1.0.1 | 10.66 | 450.17 | 460.83 | OK | |
r-devel-linux-x86_64-fedora-clang | 1.0.1 | 732.40 | OK | |||
r-devel-linux-x86_64-fedora-gcc | 1.0.1 | 762.42 | OK | |||
r-patched-linux-x86_64 | 1.0.1 | 17.31 | 585.90 | 603.21 | OK | |
r-release-linux-x86_64 | 1.0.1 | 10.78 | 533.72 | 544.50 | OK | |
r-release-macos-arm64 | 1.0.1 | OK | ||||
r-release-macos-x86_64 | 1.0.1 | OK | ||||
r-release-windows-x86_64 | 1.0.1 | 52.00 | 621.00 | 673.00 | OK | |
r-oldrel-macos-arm64 | 1.0.1 | OK | ||||
r-oldrel-macos-x86_64 | 1.0.1 | OK | ||||
r-oldrel-windows-ix86+x86_64 | 1.0.1 | 16.00 | 9.00 | 25.00 | ERROR |
Version: 1.0.1
Check: whether package can be installed
Result: ERROR
Installation failed.
Flavor: r-oldrel-windows-ix86+x86_64