Last updated on 2022-04-24 03:52:41 CEST.
Flavor | Version | Tinstall | Tcheck | Ttotal | Status | Flags |
---|---|---|---|---|---|---|
r-devel-linux-x86_64-debian-clang | 2.1.0 | 11.56 | 85.10 | 96.66 | OK | |
r-devel-linux-x86_64-debian-gcc | 2.1.0 | 9.27 | 63.28 | 72.55 | OK | |
r-devel-linux-x86_64-fedora-clang | 2.1.0 | 118.34 | NOTE | |||
r-devel-linux-x86_64-fedora-gcc | 2.1.0 | 107.10 | OK | |||
r-patched-linux-x86_64 | 2.1.0 | 12.49 | 81.36 | 93.85 | OK | |
r-release-linux-x86_64 | 2.1.0 | 10.75 | 78.04 | 88.79 | OK | |
r-release-macos-arm64 | 2.1.0 | NOTE | ||||
r-release-macos-x86_64 | 2.1.0 | NOTE | ||||
r-release-windows-x86_64 | 2.1.0 | 287.00 | 145.00 | 432.00 | NOTE | |
r-oldrel-macos-arm64 | 2.1.0 | NOTE | ||||
r-oldrel-macos-x86_64 | 2.1.0 | NOTE | ||||
r-oldrel-windows-ix86+x86_64 | 2.1.0 | 19.00 | 103.00 | 122.00 | NOTE |
Version: 2.1.0
Check: installed package size
Result: NOTE
installed size is 11.4Mb
sub-directories of 1Mb or more:
doc 2.5Mb
htmlwidgets 6.9Mb
Flavors: r-devel-linux-x86_64-fedora-clang, r-release-macos-arm64, r-release-macos-x86_64, r-release-windows-x86_64, r-oldrel-macos-arm64, r-oldrel-macos-x86_64, r-oldrel-windows-ix86+x86_64