Last updated on 2022-04-24 03:52:41 CEST.
Flavor | Version | Tinstall | Tcheck | Ttotal | Status | Flags |
---|---|---|---|---|---|---|
r-devel-linux-x86_64-debian-clang | 0.2.0 | 3.67 | 148.11 | 151.78 | OK | |
r-devel-linux-x86_64-debian-gcc | 0.2.0 | 4.00 | 108.23 | 112.23 | OK | |
r-devel-linux-x86_64-fedora-clang | 0.2.0 | 182.22 | NOTE | |||
r-devel-linux-x86_64-fedora-gcc | 0.2.0 | 169.54 | NOTE | |||
r-patched-linux-x86_64 | 0.2.0 | 4.69 | 138.88 | 143.57 | OK | |
r-release-linux-x86_64 | 0.2.0 | 3.04 | 144.43 | 147.47 | OK | |
r-release-macos-arm64 | 0.2.0 | NOTE | ||||
r-release-macos-x86_64 | 0.2.0 | WARN | ||||
r-release-windows-x86_64 | 0.2.0 | 32.00 | 174.00 | 206.00 | OK | |
r-oldrel-macos-arm64 | 0.2.0 | NOTE | ||||
r-oldrel-macos-x86_64 | 0.2.0 | WARN | ||||
r-oldrel-windows-ix86+x86_64 | 0.2.0 | 11.00 | 177.00 | 188.00 | OK |
Version: 0.2.0
Check: dependencies in R code
Result: NOTE
Namespace in Imports field not imported from: ‘parcats’
All declared Imports should be used.
Flavors: r-devel-linux-x86_64-fedora-clang, r-devel-linux-x86_64-fedora-gcc, r-release-macos-arm64, r-release-macos-x86_64, r-oldrel-macos-arm64, r-oldrel-macos-x86_64
Version: 0.2.0
Check: re-building of vignette outputs
Result: WARN
Error(s) in re-building vignettes:
--- re-building ‘CDISC_ADaM.Rmd’ using rmarkdown
Warning in engine$weave(file, quiet = quiet, encoding = enc) :
Pandoc (>= 1.12.3) not available. Falling back to R Markdown v1.
--- finished re-building ‘CDISC_ADaM.Rmd’
--- re-building ‘Consort_flow_diagram.Rmd’ using rmarkdown
Warning in engine$weave(file, quiet = quiet, encoding = enc) :
Pandoc (>= 1.12.3) not available. Falling back to R Markdown v1.
--- finished re-building ‘Consort_flow_diagram.Rmd’
--- re-building ‘Styling_KM_plots.Rmd’ using rmarkdown
Warning in engine$weave(file, quiet = quiet, encoding = enc) :
Pandoc (>= 1.12.3) not available. Falling back to R Markdown v1.
--- finished re-building ‘Styling_KM_plots.Rmd’
--- re-building ‘Time_to_event_analysis.Rmd’ using rmarkdown
Warning in engine$weave(file, quiet = quiet, encoding = enc) :
Pandoc (>= 1.12.3) not available. Falling back to R Markdown v1.
Quitting from lines 101-105 (Time_to_event_analysis.Rmd)
Error: processing vignette 'Time_to_event_analysis.Rmd' failed with diagnostics:
invalid 'path' argument
--- failed re-building ‘Time_to_event_analysis.Rmd’
SUMMARY: processing the following file failed:
‘Time_to_event_analysis.Rmd’
Error: Vignette re-building failed.
Execution halted
Flavors: r-release-macos-x86_64, r-oldrel-macos-x86_64