Last updated on 2022-04-24 03:52:41 CEST.
Flavor | Version | Tinstall | Tcheck | Ttotal | Status | Flags |
---|---|---|---|---|---|---|
r-devel-linux-x86_64-debian-clang | 0.8.1 | 6.73 | 94.74 | 101.47 | OK | |
r-devel-linux-x86_64-debian-gcc | 0.8.1 | 6.96 | 71.95 | 78.91 | OK | |
r-devel-linux-x86_64-fedora-clang | 0.8.1 | 123.09 | NOTE | |||
r-devel-linux-x86_64-fedora-gcc | 0.8.1 | 116.60 | NOTE | |||
r-patched-linux-x86_64 | 0.8.1 | 8.24 | 89.95 | 98.19 | OK | |
r-release-linux-x86_64 | 0.8.1 | 6.87 | 85.10 | 91.97 | OK | |
r-release-macos-arm64 | 0.8.1 | NOTE | ||||
r-release-macos-x86_64 | 0.8.1 | NOTE | ||||
r-release-windows-x86_64 | 0.8.1 | 15.00 | 118.00 | 133.00 | OK | |
r-oldrel-macos-arm64 | 0.8.1 | NOTE | ||||
r-oldrel-macos-x86_64 | 0.8.1 | NOTE | ||||
r-oldrel-windows-ix86+x86_64 | 0.8.1 | 17.00 | 105.00 | 122.00 | OK |
Version: 0.8.1
Check: dependencies in R code
Result: NOTE
Namespace in Imports field not imported from: ‘rpart’
All declared Imports should be used.
Flavors: r-devel-linux-x86_64-fedora-clang, r-devel-linux-x86_64-fedora-gcc, r-release-macos-arm64, r-release-macos-x86_64, r-oldrel-macos-arm64, r-oldrel-macos-x86_64