Last updated on 2022-04-24 03:52:41 CEST.
Flavor | Version | Tinstall | Tcheck | Ttotal | Status | Flags |
---|---|---|---|---|---|---|
r-devel-linux-x86_64-debian-clang | 2.1.0 | 2.30 | 44.36 | 46.66 | OK | |
r-devel-linux-x86_64-debian-gcc | 2.1.0 | 2.93 | 34.45 | 37.38 | OK | |
r-devel-linux-x86_64-fedora-clang | 2.1.0 | 57.85 | NOTE | |||
r-devel-linux-x86_64-fedora-gcc | 2.1.0 | 47.19 | OK | |||
r-patched-linux-x86_64 | 2.1.0 | 3.09 | 42.16 | 45.25 | OK | |
r-release-linux-x86_64 | 2.1.0 | 2.73 | 40.96 | 43.69 | OK | |
r-release-macos-arm64 | 2.1.0 | NOTE | ||||
r-release-macos-x86_64 | 2.1.0 | NOTE | ||||
r-release-windows-x86_64 | 2.1.0 | 322.00 | 80.00 | 402.00 | NOTE | |
r-oldrel-macos-arm64 | 2.1.0 | NOTE | ||||
r-oldrel-macos-x86_64 | 2.1.0 | NOTE | ||||
r-oldrel-windows-ix86+x86_64 | 2.1.0 | 8.00 | 57.00 | 65.00 | NOTE |
Version: 2.1.0
Check: installed package size
Result: NOTE
installed size is 6.4Mb
sub-directories of 1Mb or more:
help 1.3Mb
htmlwidgets 5.0Mb
Flavors: r-devel-linux-x86_64-fedora-clang, r-release-macos-arm64, r-release-macos-x86_64, r-release-windows-x86_64, r-oldrel-macos-arm64, r-oldrel-macos-x86_64, r-oldrel-windows-ix86+x86_64