Last updated on 2022-04-24 03:52:41 CEST.
Flavor | Version | Tinstall | Tcheck | Ttotal | Status | Flags |
---|---|---|---|---|---|---|
r-devel-linux-x86_64-debian-clang | 1.2.1 | 8.53 | 105.63 | 114.16 | OK | |
r-devel-linux-x86_64-debian-gcc | 1.2.1 | 5.89 | 78.76 | 84.65 | OK | |
r-devel-linux-x86_64-fedora-clang | 1.2.1 | 139.09 | NOTE | |||
r-devel-linux-x86_64-fedora-gcc | 1.2.1 | 129.33 | OK | |||
r-patched-linux-x86_64 | 1.2.1 | 7.53 | 100.34 | 107.87 | OK | |
r-release-linux-x86_64 | 1.2.1 | 5.09 | 97.76 | 102.85 | OK | |
r-release-macos-arm64 | 1.2.1 | NOTE | ||||
r-release-macos-x86_64 | 1.2.1 | WARN | ||||
r-release-windows-x86_64 | 1.2.1 | 25.00 | 129.00 | 154.00 | NOTE | |
r-oldrel-macos-arm64 | 1.2.1 | NOTE | ||||
r-oldrel-macos-x86_64 | 1.2.1 | WARN | ||||
r-oldrel-windows-ix86+x86_64 | 1.2.1 | 19.00 | 127.00 | 146.00 | NOTE |
Version: 1.2.1
Check: installed package size
Result: NOTE
installed size is 6.2Mb
sub-directories of 1Mb or more:
doc 5.9Mb
Flavors: r-devel-linux-x86_64-fedora-clang, r-release-macos-arm64, r-release-macos-x86_64, r-release-windows-x86_64, r-oldrel-macos-arm64, r-oldrel-macos-x86_64, r-oldrel-windows-ix86+x86_64
Version: 1.2.1
Check: re-building of vignette outputs
Result: WARN
Error(s) in re-building vignettes:
--- re-building ‘gg_vistime-vignette.Rmd’ using rmarkdown
Warning in engine$weave(file, quiet = quiet, encoding = enc) :
Pandoc (>= 1.12.3) not available. Falling back to R Markdown v1.
Coordinate system already present. Adding new coordinate system, which will replace the existing one.
--- finished re-building ‘gg_vistime-vignette.Rmd’
--- re-building ‘hc_vistime-vignette.Rmd’ using rmarkdown
Warning in engine$weave(file, quiet = quiet, encoding = enc) :
Pandoc (>= 1.12.3) not available. Falling back to R Markdown v1.
Quitting from lines 34-41 (hc_vistime-vignette.Rmd)
Error: processing vignette 'hc_vistime-vignette.Rmd' failed with diagnostics:
invalid 'path' argument
--- failed re-building ‘hc_vistime-vignette.Rmd’
--- re-building ‘vistime-vignette.Rmd’ using rmarkdown
Warning in engine$weave(file, quiet = quiet, encoding = enc) :
Pandoc (>= 1.12.3) not available. Falling back to R Markdown v1.
Quitting from lines 32-40 (vistime-vignette.Rmd)
Error: processing vignette 'vistime-vignette.Rmd' failed with diagnostics:
invalid 'path' argument
--- failed re-building ‘vistime-vignette.Rmd’
SUMMARY: processing the following files failed:
‘hc_vistime-vignette.Rmd’ ‘vistime-vignette.Rmd’
Error: Vignette re-building failed.
Execution halted
Flavors: r-release-macos-x86_64, r-oldrel-macos-x86_64