Last updated on 2022-04-24 03:52:41 CEST.
| Flavor | Version | Tinstall | Tcheck | Ttotal | Status | Flags | 
|---|---|---|---|---|---|---|
| r-devel-linux-x86_64-debian-clang | 1.0.1 | 29.02 | 180.70 | 209.72 | OK | |
| r-devel-linux-x86_64-debian-gcc | 1.0.1 | 27.66 | 133.69 | 161.35 | OK | |
| r-devel-linux-x86_64-fedora-clang | 1.0.1 | 258.95 | NOTE | |||
| r-devel-linux-x86_64-fedora-gcc | 1.0.1 | 250.33 | OK | |||
| r-patched-linux-x86_64 | 1.0.1 | 28.89 | 171.20 | 200.09 | OK | |
| r-release-linux-x86_64 | 1.0.1 | 20.10 | 157.51 | 177.61 | OK | |
| r-release-macos-arm64 | 1.0.1 | NOTE | ||||
| r-release-macos-x86_64 | 1.0.1 | NOTE | ||||
| r-release-windows-x86_64 | 1.0.1 | 154.00 | 187.00 | 341.00 | NOTE | |
| r-oldrel-macos-arm64 | 1.0.1 | NOTE | ||||
| r-oldrel-macos-x86_64 | 1.0.1 | NOTE | ||||
| r-oldrel-windows-ix86+x86_64 | 1.0.1 | 57.00 | 182.00 | 239.00 | NOTE | 
Version: 1.0.1
Check: installed package size
Result: NOTE
      installed size is  6.1Mb
      sub-directories of 1Mb or more:
        data   5.7Mb
Flavors: r-devel-linux-x86_64-fedora-clang, r-release-macos-arm64, r-release-macos-x86_64, r-release-windows-x86_64, r-oldrel-macos-arm64, r-oldrel-macos-x86_64, r-oldrel-windows-ix86+x86_64