Last updated on 2022-04-24 03:52:41 CEST.
Flavor | Version | Tinstall | Tcheck | Ttotal | Status | Flags |
---|---|---|---|---|---|---|
r-devel-linux-x86_64-debian-clang | 1.3.4 | 27.33 | 194.39 | 221.72 | OK | |
r-devel-linux-x86_64-debian-gcc | 1.3.4 | 19.42 | 143.72 | 163.14 | OK | |
r-devel-linux-x86_64-fedora-clang | 1.3.4 | 275.97 | NOTE | |||
r-devel-linux-x86_64-fedora-gcc | 1.3.4 | 266.73 | OK | |||
r-patched-linux-x86_64 | 1.3.4 | 16.88 | 186.10 | 202.98 | OK | |
r-release-linux-x86_64 | 1.3.4 | 22.62 | 177.91 | 200.53 | OK | |
r-release-macos-arm64 | 1.3.4 | ERROR | ||||
r-release-macos-x86_64 | 1.3.4 | OK | ||||
r-release-windows-x86_64 | 1.3.4 | 31.00 | 171.00 | 202.00 | OK | |
r-oldrel-macos-arm64 | 1.3.4 | ERROR | ||||
r-oldrel-macos-x86_64 | 1.3.4 | OK | ||||
r-oldrel-windows-ix86+x86_64 | 1.3.4 | 39.00 | 177.00 | 216.00 | OK |
Version: 1.3.4
Check: package dependencies
Result: NOTE
Imports includes 23 non-default packages.
Importing from so many packages makes the package vulnerable to any of
them becoming unavailable. Move as many as possible to Suggests and
use conditionally.
Flavor: r-devel-linux-x86_64-fedora-clang
Version: 1.3.4
Check: whether package can be installed
Result: ERROR
Installation failed.
Flavors: r-release-macos-arm64, r-oldrel-macos-arm64