Last updated on 2022-04-24 03:52:41 CEST.
Flavor | Version | Tinstall | Tcheck | Ttotal | Status | Flags |
---|---|---|---|---|---|---|
r-devel-linux-x86_64-debian-clang | 0.2.3 | 9.91 | 271.93 | 281.84 | OK | |
r-devel-linux-x86_64-debian-gcc | 0.2.3 | 7.14 | 197.02 | 204.16 | OK | |
r-devel-linux-x86_64-fedora-clang | 0.2.3 | 265.18 | NOTE | |||
r-devel-linux-x86_64-fedora-gcc | 0.2.3 | 321.94 | NOTE | |||
r-patched-linux-x86_64 | 0.2.3 | 10.02 | 249.20 | 259.22 | OK | |
r-release-linux-x86_64 | 0.2.3 | 6.24 | 230.81 | 237.05 | OK | |
r-release-macos-arm64 | 0.2.3 | NOTE | ||||
r-release-macos-x86_64 | 0.2.3 | NOTE | ||||
r-release-windows-x86_64 | 0.2.3 | 19.00 | 295.00 | 314.00 | OK | |
r-oldrel-macos-arm64 | 0.2.3 | NOTE | ||||
r-oldrel-macos-x86_64 | 0.2.3 | NOTE | ||||
r-oldrel-windows-ix86+x86_64 | 0.2.3 | 25.00 | 267.00 | 292.00 | OK |
Version: 0.2.3
Check: dependencies in R code
Result: NOTE
Namespaces in Imports field not imported from:
‘RColorBrewer’ ‘colorspace’ ‘tidyr’
All declared Imports should be used.
Flavors: r-devel-linux-x86_64-fedora-clang, r-devel-linux-x86_64-fedora-gcc, r-release-macos-arm64, r-release-macos-x86_64, r-oldrel-macos-arm64, r-oldrel-macos-x86_64