Last updated on 2022-04-24 03:52:41 CEST.
Flavor | Version | Tinstall | Tcheck | Ttotal | Status | Flags |
---|---|---|---|---|---|---|
r-devel-linux-x86_64-debian-clang | 0.2.2 | 144.45 | 76.58 | 221.03 | OK | |
r-devel-linux-x86_64-debian-gcc | 0.2.2 | 115.82 | 56.81 | 172.63 | OK | |
r-devel-linux-x86_64-fedora-clang | 0.2.2 | 344.61 | OK | |||
r-devel-linux-x86_64-fedora-gcc | 0.2.2 | 283.21 | OK | |||
r-patched-linux-x86_64 | 0.2.2 | 110.00 | 72.59 | 182.59 | OK | |
r-release-linux-x86_64 | 0.2.2 | 104.19 | 69.11 | 173.30 | OK | |
r-release-macos-arm64 | 0.2.2 | NOTE | ||||
r-release-macos-x86_64 | 0.2.2 | OK | ||||
r-release-windows-x86_64 | 0.2.2 | 133.00 | 115.00 | 248.00 | OK | |
r-oldrel-macos-arm64 | 0.2.2 | NOTE | ||||
r-oldrel-macos-x86_64 | 0.2.2 | OK | ||||
r-oldrel-windows-ix86+x86_64 | 0.2.2 | 345.00 | 126.00 | 471.00 | OK |
Version: 0.2.2
Check: installed package size
Result: NOTE
installed size is 5.8Mb
sub-directories of 1Mb or more:
libs 5.3Mb
Flavors: r-release-macos-arm64, r-oldrel-macos-arm64