Last updated on 2022-04-24 03:52:41 CEST.
Flavor | Version | Tinstall | Tcheck | Ttotal | Status | Flags |
---|---|---|---|---|---|---|
r-devel-linux-x86_64-debian-clang | 1.1.2-2 | 603.68 | 74.72 | 678.40 | OK | |
r-devel-linux-x86_64-debian-gcc | 1.1.2-2 | 502.97 | 72.02 | 574.99 | OK | |
r-devel-linux-x86_64-fedora-clang | 1.1.2-2 | 993.70 | NOTE | |||
r-devel-linux-x86_64-fedora-gcc | 1.1.2-2 | 994.37 | OK | |||
r-patched-linux-x86_64 | 1.1.2-2 | 526.75 | 95.12 | 621.87 | OK | |
r-release-linux-x86_64 | 1.1.2-2 | 522.39 | 94.66 | 617.05 | OK | |
r-release-macos-arm64 | 1.1.2-2 | NOTE | ||||
r-release-macos-x86_64 | 1.1.2-2 | NOTE | ||||
r-release-windows-x86_64 | 1.1.2-2 | 455.00 | 153.00 | 608.00 | OK | |
r-oldrel-macos-arm64 | 1.1.2-2 | NOTE | ||||
r-oldrel-macos-x86_64 | 1.1.2-2 | NOTE | ||||
r-oldrel-windows-ix86+x86_64 | 1.1.2-2 | 1237.00 | 199.00 | 1436.00 | NOTE |
Version: 1.1.2-2
Check: installed package size
Result: NOTE
installed size is 63.8Mb
sub-directories of 1Mb or more:
libs 63.4Mb
Flavors: r-devel-linux-x86_64-fedora-clang, r-release-macos-arm64, r-release-macos-x86_64, r-oldrel-macos-arm64, r-oldrel-macos-x86_64, r-oldrel-windows-ix86+x86_64