Last updated on 2022-04-24 03:52:41 CEST.
Flavor | Version | Tinstall | Tcheck | Ttotal | Status | Flags |
---|---|---|---|---|---|---|
r-devel-linux-x86_64-debian-clang | 0.1.0 | 6.61 | 67.78 | 74.39 | OK | |
r-devel-linux-x86_64-debian-gcc | 0.1.0 | 4.34 | 50.04 | 54.38 | OK | |
r-devel-linux-x86_64-fedora-clang | 0.1.0 | 90.50 | NOTE | |||
r-devel-linux-x86_64-fedora-gcc | 0.1.0 | 80.13 | NOTE | |||
r-patched-linux-x86_64 | 0.1.0 | 3.91 | 62.60 | 66.51 | OK | |
r-release-linux-x86_64 | 0.1.0 | 5.52 | 60.25 | 65.77 | OK | |
r-release-macos-arm64 | 0.1.0 | NOTE | ||||
r-release-macos-x86_64 | 0.1.0 | NOTE | ||||
r-release-windows-x86_64 | 0.1.0 | 29.00 | 92.00 | 121.00 | OK | |
r-oldrel-macos-arm64 | 0.1.0 | NOTE | ||||
r-oldrel-macos-x86_64 | 0.1.0 | NOTE | ||||
r-oldrel-windows-ix86+x86_64 | 0.1.0 | 17.00 | 74.00 | 91.00 | OK |
Version: 0.1.0
Check: dependencies in R code
Result: NOTE
Namespace in Imports field not imported from: ‘glue’
All declared Imports should be used.
Flavors: r-devel-linux-x86_64-fedora-clang, r-devel-linux-x86_64-fedora-gcc, r-release-macos-arm64, r-release-macos-x86_64, r-oldrel-macos-arm64, r-oldrel-macos-x86_64