Last updated on 2022-04-24 03:52:41 CEST.
Flavor | Version | Tinstall | Tcheck | Ttotal | Status | Flags |
---|---|---|---|---|---|---|
r-devel-linux-x86_64-debian-clang | 0.1.1 | 8.77 | 88.83 | 97.60 | NOTE | |
r-devel-linux-x86_64-debian-gcc | 0.1.1 | 7.49 | 64.57 | 72.06 | NOTE | |
r-devel-linux-x86_64-fedora-clang | 0.1.1 | 117.18 | NOTE | |||
r-devel-linux-x86_64-fedora-gcc | 0.1.1 | 107.77 | NOTE | |||
r-patched-linux-x86_64 | 0.1.1 | 9.74 | 82.32 | 92.06 | NOTE | |
r-release-linux-x86_64 | 0.1.1 | 7.31 | 77.13 | 84.44 | NOTE | |
r-release-macos-arm64 | 0.1.1 | NOTE | ||||
r-release-macos-x86_64 | 0.1.1 | NOTE | ||||
r-release-windows-x86_64 | 0.1.1 | 24.00 | 101.00 | 125.00 | NOTE | |
r-oldrel-macos-arm64 | 0.1.1 | NOTE | ||||
r-oldrel-macos-x86_64 | 0.1.1 | NOTE | ||||
r-oldrel-windows-ix86+x86_64 | 0.1.1 | 19.00 | 91.00 | 110.00 | NOTE |
Version: 0.1.1
Check: LazyData
Result: NOTE
'LazyData' is specified without a 'data' directory
Flavors: r-devel-linux-x86_64-debian-clang, r-devel-linux-x86_64-debian-gcc, r-devel-linux-x86_64-fedora-clang, r-devel-linux-x86_64-fedora-gcc, r-patched-linux-x86_64, r-release-linux-x86_64, r-release-macos-arm64, r-release-macos-x86_64, r-release-windows-x86_64, r-oldrel-macos-arm64, r-oldrel-macos-x86_64, r-oldrel-windows-ix86+x86_64