Last updated on 2022-04-24 03:52:41 CEST.
Flavor | Version | Tinstall | Tcheck | Ttotal | Status | Flags |
---|---|---|---|---|---|---|
r-devel-linux-x86_64-debian-clang | 0.1.2 | 3.23 | 37.95 | 41.18 | NOTE | |
r-devel-linux-x86_64-debian-gcc | 0.1.2 | 2.25 | 29.46 | 31.71 | NOTE | |
r-devel-linux-x86_64-fedora-clang | 0.1.2 | 52.10 | NOTE | |||
r-devel-linux-x86_64-fedora-gcc | 0.1.2 | 41.58 | NOTE | |||
r-patched-linux-x86_64 | 0.1.2 | 3.50 | 37.36 | 40.86 | NOTE | |
r-release-linux-x86_64 | 0.1.2 | 2.27 | 35.91 | 38.18 | NOTE | |
r-release-macos-arm64 | 0.1.2 | NOTE | ||||
r-release-macos-x86_64 | 0.1.2 | NOTE | ||||
r-release-windows-x86_64 | 0.1.2 | 25.00 | 61.00 | 86.00 | NOTE | |
r-oldrel-macos-arm64 | 0.1.2 | NOTE | ||||
r-oldrel-macos-x86_64 | 0.1.2 | NOTE | ||||
r-oldrel-windows-ix86+x86_64 | 0.1.2 | 8.00 | 49.00 | 57.00 | NOTE |
Version: 0.1.2
Check: LazyData
Result: NOTE
'LazyData' is specified without a 'data' directory
Flavors: r-devel-linux-x86_64-debian-clang, r-devel-linux-x86_64-debian-gcc, r-devel-linux-x86_64-fedora-clang, r-devel-linux-x86_64-fedora-gcc, r-patched-linux-x86_64, r-release-linux-x86_64, r-release-macos-arm64, r-release-macos-x86_64, r-release-windows-x86_64, r-oldrel-macos-arm64, r-oldrel-macos-x86_64, r-oldrel-windows-ix86+x86_64