Last updated on 2022-04-24 03:52:41 CEST.
Flavor | Version | Tinstall | Tcheck | Ttotal | Status | Flags |
---|---|---|---|---|---|---|
r-devel-linux-x86_64-debian-clang | 0.5 | 12.61 | 122.71 | 135.32 | OK | |
r-devel-linux-x86_64-debian-gcc | 0.5 | 11.00 | 90.91 | 101.91 | OK | |
r-devel-linux-x86_64-fedora-clang | 0.5 | 157.17 | NOTE | |||
r-devel-linux-x86_64-fedora-gcc | 0.5 | 154.05 | OK | |||
r-patched-linux-x86_64 | 0.5 | 17.05 | 115.13 | 132.18 | OK | |
r-release-linux-x86_64 | 0.5 | 10.78 | 105.43 | 116.21 | OK | |
r-release-macos-arm64 | 0.5 | OK | ||||
r-release-macos-x86_64 | 0.5 | OK | ||||
r-release-windows-x86_64 | 0.5 | 22.00 | 134.00 | 156.00 | OK | |
r-oldrel-macos-arm64 | 0.5 | OK | ||||
r-oldrel-macos-x86_64 | 0.5 | OK | ||||
r-oldrel-windows-ix86+x86_64 | 0.5 | 27.00 | 127.00 | 154.00 | OK |
Version: 0.5
Check: Rd cross-references
Result: NOTE
Undeclared package ‘lme4’ in Rd xrefs
Flavor: r-devel-linux-x86_64-fedora-clang