Last updated on 2022-04-24 03:52:41 CEST.
Flavor | Version | Tinstall | Tcheck | Ttotal | Status | Flags |
---|---|---|---|---|---|---|
r-devel-linux-x86_64-debian-clang | 1.3.5 | 18.33 | 172.28 | 190.61 | NOTE | |
r-devel-linux-x86_64-debian-gcc | 1.3.5 | 12.00 | 130.07 | 142.07 | NOTE | |
r-devel-linux-x86_64-fedora-clang | 1.3.5 | 223.58 | NOTE | |||
r-devel-linux-x86_64-fedora-gcc | 1.3.5 | 217.90 | NOTE | |||
r-patched-linux-x86_64 | 1.3.5 | 12.07 | 162.57 | 174.64 | NOTE | |
r-release-linux-x86_64 | 1.3.5 | 14.65 | 151.45 | 166.10 | NOTE | |
r-release-macos-arm64 | 1.3.5 | NOTE | ||||
r-release-macos-x86_64 | 1.3.5 | NOTE | ||||
r-release-windows-x86_64 | 1.3.5 | 31.00 | 185.00 | 216.00 | NOTE | |
r-oldrel-macos-arm64 | 1.3.5 | NOTE | ||||
r-oldrel-macos-x86_64 | 1.3.5 | NOTE | ||||
r-oldrel-windows-ix86+x86_64 | 1.3.5 | 33.00 | 181.00 | 214.00 | NOTE |
Version: 1.3.5
Check: LazyData
Result: NOTE
'LazyData' is specified without a 'data' directory
Flavors: r-devel-linux-x86_64-debian-clang, r-devel-linux-x86_64-debian-gcc, r-devel-linux-x86_64-fedora-clang, r-devel-linux-x86_64-fedora-gcc, r-patched-linux-x86_64, r-release-linux-x86_64, r-release-macos-arm64, r-release-macos-x86_64, r-release-windows-x86_64, r-oldrel-macos-arm64, r-oldrel-macos-x86_64, r-oldrel-windows-ix86+x86_64
Version: 1.3.5
Check: dependencies in R code
Result: NOTE
Namespace in Imports field not imported from: ‘methods’
All declared Imports should be used.
Flavors: r-devel-linux-x86_64-fedora-clang, r-devel-linux-x86_64-fedora-gcc, r-release-macos-arm64, r-release-macos-x86_64, r-oldrel-macos-arm64, r-oldrel-macos-x86_64