Last updated on 2022-04-24 03:52:41 CEST.
Flavor | Version | Tinstall | Tcheck | Ttotal | Status | Flags |
---|---|---|---|---|---|---|
r-devel-linux-x86_64-debian-clang | 0.1.1 | 21.31 | 130.50 | 151.81 | NOTE | |
r-devel-linux-x86_64-debian-gcc | 0.1.1 | 17.23 | 93.13 | 110.36 | NOTE | |
r-devel-linux-x86_64-fedora-clang | 0.1.1 | 179.58 | NOTE | |||
r-devel-linux-x86_64-fedora-gcc | 0.1.1 | 174.79 | NOTE | |||
r-patched-linux-x86_64 | 0.1.1 | 19.42 | 120.66 | 140.08 | NOTE | |
r-release-linux-x86_64 | 0.1.1 | 18.88 | 117.45 | 136.33 | NOTE | |
r-release-macos-arm64 | 0.1.1 | NOTE | ||||
r-release-macos-x86_64 | 0.1.1 | NOTE | ||||
r-release-windows-x86_64 | 0.1.1 | 52.00 | 127.00 | 179.00 | NOTE | |
r-oldrel-macos-arm64 | 0.1.1 | NOTE | ||||
r-oldrel-macos-x86_64 | 0.1.1 | NOTE | ||||
r-oldrel-windows-ix86+x86_64 | 0.1.1 | 36.00 | 122.00 | 158.00 | NOTE |
Version: 0.1.1
Check: LazyData
Result: NOTE
'LazyData' is specified without a 'data' directory
Flavors: r-devel-linux-x86_64-debian-clang, r-devel-linux-x86_64-debian-gcc, r-devel-linux-x86_64-fedora-clang, r-devel-linux-x86_64-fedora-gcc, r-patched-linux-x86_64, r-release-linux-x86_64, r-release-macos-arm64, r-release-macos-x86_64, r-release-windows-x86_64, r-oldrel-macos-arm64, r-oldrel-macos-x86_64, r-oldrel-windows-ix86+x86_64