Last updated on 2022-04-24 03:52:41 CEST.
Flavor | Version | Tinstall | Tcheck | Ttotal | Status | Flags |
---|---|---|---|---|---|---|
r-devel-linux-x86_64-debian-clang | 1.5.7 | 128.07 | 130.12 | 258.19 | OK | |
r-devel-linux-x86_64-debian-gcc | 1.5.7 | 117.71 | 96.00 | 213.71 | OK | |
r-devel-linux-x86_64-fedora-clang | 1.5.7 | 0.00 | NOTE | |||
r-devel-linux-x86_64-fedora-gcc | 1.5.7 | 348.46 | OK | |||
r-patched-linux-x86_64 | 1.5.7 | 125.04 | 122.17 | 247.21 | OK | |
r-release-linux-x86_64 | 1.5.7 | 129.15 | 118.48 | 247.63 | OK | |
r-release-macos-arm64 | 1.5.7 | NOTE | ||||
r-release-macos-x86_64 | 1.5.7 | NOTE | ||||
r-release-windows-x86_64 | 1.5.7 | 202.00 | 194.00 | 396.00 | OK | |
r-oldrel-macos-arm64 | 1.5.7 | NOTE | ||||
r-oldrel-macos-x86_64 | 1.5.7 | NOTE | ||||
r-oldrel-windows-ix86+x86_64 | 1.5.7 | 328.00 | 222.00 | 550.00 | OK |
Version: 1.5.7
Check: installed package size
Result: NOTE
installed size is 8.4Mb
sub-directories of 1Mb or more:
libs 6.9Mb
Flavors: r-devel-linux-x86_64-fedora-clang, r-release-macos-arm64, r-release-macos-x86_64, r-oldrel-macos-arm64, r-oldrel-macos-x86_64
Version: 1.5.7
Check: Rd cross-references
Result: NOTE
Undeclared package ‘readr’ in Rd xrefs
Flavor: r-devel-linux-x86_64-fedora-clang