Last updated on 2022-04-24 03:52:41 CEST.
Flavor | Version | Tinstall | Tcheck | Ttotal | Status | Flags |
---|---|---|---|---|---|---|
r-devel-linux-x86_64-debian-clang | 0.1.0 | 11.62 | 127.46 | 139.08 | OK | |
r-devel-linux-x86_64-debian-gcc | 0.1.0 | 9.39 | 95.65 | 105.04 | OK | |
r-devel-linux-x86_64-fedora-clang | 0.1.0 | 167.34 | NOTE | |||
r-devel-linux-x86_64-fedora-gcc | 0.1.0 | 161.49 | OK | |||
r-patched-linux-x86_64 | 0.1.0 | 15.26 | 120.33 | 135.59 | OK | |
r-release-linux-x86_64 | 0.1.0 | 8.65 | 113.69 | 122.34 | OK | |
r-release-macos-arm64 | 0.1.0 | OK | ||||
r-release-macos-x86_64 | 0.1.0 | OK | ||||
r-release-windows-x86_64 | 0.1.0 | 26.00 | 145.00 | 171.00 | OK | |
r-oldrel-macos-arm64 | 0.1.0 | OK | ||||
r-oldrel-macos-x86_64 | 0.1.0 | OK | ||||
r-oldrel-windows-ix86+x86_64 | 0.1.0 | 25.00 | 133.00 | 158.00 | OK |
Version: 0.1.0
Check: Rd cross-references
Result: NOTE
Undeclared package ‘progress’ in Rd xrefs
Flavor: r-devel-linux-x86_64-fedora-clang