Last updated on 2022-04-24 03:52:42 CEST.
Flavor | Version | Tinstall | Tcheck | Ttotal | Status | Flags |
---|---|---|---|---|---|---|
r-devel-linux-x86_64-debian-clang | 0.1 | 2.69 | 46.91 | 49.60 | NOTE | |
r-devel-linux-x86_64-debian-gcc | 0.1 | 1.64 | 34.93 | 36.57 | NOTE | |
r-devel-linux-x86_64-fedora-clang | 0.1 | 59.07 | NOTE | |||
r-devel-linux-x86_64-fedora-gcc | 0.1 | 50.09 | NOTE | |||
r-patched-linux-x86_64 | 0.1 | 2.72 | 45.16 | 47.88 | NOTE | |
r-release-linux-x86_64 | 0.1 | 2.34 | 43.15 | 45.49 | NOTE | |
r-release-macos-arm64 | 0.1 | NOTE | ||||
r-release-macos-x86_64 | 0.1 | NOTE | ||||
r-release-windows-x86_64 | 0.1 | 13.00 | 60.00 | 73.00 | NOTE | |
r-oldrel-macos-arm64 | 0.1 | NOTE | ||||
r-oldrel-macos-x86_64 | 0.1 | NOTE | ||||
r-oldrel-windows-ix86+x86_64 | 0.1 | 6.00 | 42.00 | 48.00 | NOTE |
Version: 0.1
Check: LazyData
Result: NOTE
'LazyData' is specified without a 'data' directory
Flavors: r-devel-linux-x86_64-debian-clang, r-devel-linux-x86_64-debian-gcc, r-devel-linux-x86_64-fedora-clang, r-devel-linux-x86_64-fedora-gcc, r-patched-linux-x86_64, r-release-linux-x86_64, r-release-macos-arm64, r-release-macos-x86_64, r-release-windows-x86_64, r-oldrel-macos-arm64, r-oldrel-macos-x86_64, r-oldrel-windows-ix86+x86_64