Last updated on 2022-04-24 03:52:42 CEST.
Flavor | Version | Tinstall | Tcheck | Ttotal | Status | Flags |
---|---|---|---|---|---|---|
r-devel-linux-x86_64-debian-clang | 1.6.3 | 6.69 | 77.04 | 83.73 | NOTE | |
r-devel-linux-x86_64-debian-gcc | 1.6.3 | 4.82 | 57.44 | 62.26 | NOTE | |
r-devel-linux-x86_64-fedora-clang | 1.6.3 | 101.62 | NOTE | |||
r-devel-linux-x86_64-fedora-gcc | 1.6.3 | 92.87 | NOTE | |||
r-patched-linux-x86_64 | 1.6.3 | 5.93 | 72.30 | 78.23 | NOTE | |
r-release-linux-x86_64 | 1.6.3 | 5.42 | 72.58 | 78.00 | NOTE | |
r-release-macos-arm64 | 1.6.3 | NOTE | ||||
r-release-macos-x86_64 | 1.6.3 | NOTE | ||||
r-release-windows-x86_64 | 1.6.3 | 15.00 | 94.00 | 109.00 | NOTE | |
r-oldrel-macos-arm64 | 1.6.3 | NOTE | ||||
r-oldrel-macos-x86_64 | 1.6.3 | NOTE | ||||
r-oldrel-windows-ix86+x86_64 | 1.6.3 | 13.00 | 88.00 | 101.00 | NOTE |
Version: 1.6.3
Check: package vignettes
Result: NOTE
Package vignette with placeholder title 'Vignette Title':
'wTOvignette.Rmd'
Flavors: r-devel-linux-x86_64-debian-clang, r-devel-linux-x86_64-debian-gcc, r-patched-linux-x86_64, r-release-linux-x86_64, r-release-windows-x86_64, r-oldrel-windows-ix86+x86_64
Version: 1.6.3
Check: dependencies in R code
Result: NOTE
Namespace in Imports field not imported from: ‘shiny’
All declared Imports should be used.
Flavors: r-devel-linux-x86_64-fedora-clang, r-devel-linux-x86_64-fedora-gcc, r-release-macos-arm64, r-release-macos-x86_64, r-oldrel-macos-arm64, r-oldrel-macos-x86_64