Last updated on 2022-04-24 03:52:41 CEST.
Flavor | Version | Tinstall | Tcheck | Ttotal | Status | Flags |
---|---|---|---|---|---|---|
r-devel-linux-x86_64-debian-clang | 1.0 | 1.84 | 29.37 | 31.21 | NOTE | |
r-devel-linux-x86_64-debian-gcc | 1.0 | 1.57 | 23.18 | 24.75 | NOTE | |
r-devel-linux-x86_64-fedora-clang | 1.0 | 38.97 | NOTE | |||
r-devel-linux-x86_64-fedora-gcc | 1.0 | 28.26 | NOTE | |||
r-patched-linux-x86_64 | 1.0 | 1.92 | 28.68 | 30.60 | NOTE | |
r-release-linux-x86_64 | 1.0 | 1.50 | 28.29 | 29.79 | NOTE | |
r-release-macos-arm64 | 1.0 | NOTE | ||||
r-release-macos-x86_64 | 1.0 | NOTE | ||||
r-release-windows-x86_64 | 1.0 | 8.00 | 42.00 | 50.00 | NOTE | |
r-oldrel-macos-arm64 | 1.0 | NOTE | ||||
r-oldrel-macos-x86_64 | 1.0 | NOTE | ||||
r-oldrel-windows-ix86+x86_64 | 1.0 | 4.00 | 24.00 | 28.00 | NOTE |
Version: 1.0
Check: R code for possible problems
Result: NOTE
summary.whc: no visible global function definition for 'printCoefmat'
wahc.fit: no visible global function definition for 'pt'
wahc.fit: no visible global function definition for 'cor'
whc: no visible global function definition for 'model.frame'
whc: no visible global function definition for 'model.matrix'
whc: no visible global function definition for 'model.response'
Undefined global functions or variables:
cor model.frame model.matrix model.response printCoefmat pt
Consider adding
importFrom("stats", "cor", "model.frame", "model.matrix",
"model.response", "printCoefmat", "pt")
to your NAMESPACE file.
Flavors: r-devel-linux-x86_64-debian-clang, r-devel-linux-x86_64-debian-gcc, r-devel-linux-x86_64-fedora-clang, r-devel-linux-x86_64-fedora-gcc, r-patched-linux-x86_64, r-release-linux-x86_64, r-release-macos-arm64, r-release-macos-x86_64, r-release-windows-x86_64, r-oldrel-macos-arm64, r-oldrel-macos-x86_64, r-oldrel-windows-ix86+x86_64