Last updated on 2022-04-24 03:52:41 CEST.
Flavor | Version | Tinstall | Tcheck | Ttotal | Status | Flags |
---|---|---|---|---|---|---|
r-devel-linux-x86_64-debian-clang | 0.1.0 | 5.79 | 78.61 | 84.40 | NOTE | |
r-devel-linux-x86_64-debian-gcc | 0.1.0 | 4.56 | 57.56 | 62.12 | NOTE | |
r-devel-linux-x86_64-fedora-clang | 0.1.0 | 99.01 | NOTE | |||
r-devel-linux-x86_64-fedora-gcc | 0.1.0 | 91.85 | NOTE | |||
r-patched-linux-x86_64 | 0.1.0 | 5.39 | 74.60 | 79.99 | NOTE | |
r-release-linux-x86_64 | 0.1.0 | 4.52 | 71.81 | 76.33 | NOTE | |
r-release-macos-arm64 | 0.1.0 | NOTE | ||||
r-release-macos-x86_64 | 0.1.0 | NOTE | ||||
r-release-windows-x86_64 | 0.1.0 | 25.00 | 97.00 | 122.00 | NOTE | |
r-oldrel-macos-arm64 | 0.1.0 | NOTE | ||||
r-oldrel-macos-x86_64 | 0.1.0 | NOTE | ||||
r-oldrel-windows-ix86+x86_64 | 0.1.0 | 12.00 | 90.00 | 102.00 | NOTE |
Version: 0.1.0
Check: LazyData
Result: NOTE
'LazyData' is specified without a 'data' directory
Flavors: r-devel-linux-x86_64-debian-clang, r-devel-linux-x86_64-debian-gcc, r-devel-linux-x86_64-fedora-clang, r-devel-linux-x86_64-fedora-gcc, r-patched-linux-x86_64, r-release-linux-x86_64, r-release-macos-arm64, r-release-macos-x86_64, r-release-windows-x86_64, r-oldrel-macos-arm64, r-oldrel-macos-x86_64, r-oldrel-windows-ix86+x86_64