Last updated on 2022-04-24 03:52:41 CEST.
Flavor | Version | Tinstall | Tcheck | Ttotal | Status | Flags |
---|---|---|---|---|---|---|
r-devel-linux-x86_64-debian-clang | 1.0.4 | 522.49 | 286.22 | 808.71 | NOTE | |
r-devel-linux-x86_64-debian-gcc | 1.0.4 | 477.70 | 230.66 | 708.36 | NOTE | |
r-devel-linux-x86_64-fedora-clang | 1.0.4 | 1154.45 | NOTE | |||
r-devel-linux-x86_64-fedora-gcc | 1.0.4 | 1228.45 | NOTE | |||
r-patched-linux-x86_64 | 1.0.4 | 446.06 | 305.90 | 751.96 | NOTE | |
r-release-linux-x86_64 | 1.0.4 | 369.40 | 284.40 | 653.80 | NOTE | |
r-release-macos-arm64 | 1.0.4 | NOTE | ||||
r-release-macos-x86_64 | 1.0.4 | NOTE | ||||
r-release-windows-x86_64 | 1.0.4 | 351.00 | 364.00 | 715.00 | NOTE | |
r-oldrel-macos-arm64 | 1.0.4 | NOTE | ||||
r-oldrel-macos-x86_64 | 1.0.4 | NOTE | ||||
r-oldrel-windows-ix86+x86_64 | 1.0.4 | 1133.00 | 442.00 | 1575.00 | NOTE |
Version: 1.0.4
Check: for GNU extensions in Makefiles
Result: NOTE
GNU make is a SystemRequirements.
Flavors: r-devel-linux-x86_64-debian-clang, r-devel-linux-x86_64-debian-gcc, r-devel-linux-x86_64-fedora-clang, r-devel-linux-x86_64-fedora-gcc, r-patched-linux-x86_64, r-release-linux-x86_64, r-release-macos-arm64, r-release-macos-x86_64, r-release-windows-x86_64, r-oldrel-macos-arm64, r-oldrel-macos-x86_64, r-oldrel-windows-ix86+x86_64
Version: 1.0.4
Check: installed package size
Result: NOTE
installed size is 59.1Mb
sub-directories of 1Mb or more:
doc 1.0Mb
libs 57.7Mb
Flavors: r-devel-linux-x86_64-fedora-clang, r-release-macos-arm64, r-release-macos-x86_64, r-release-windows-x86_64, r-oldrel-macos-arm64, r-oldrel-macos-x86_64, r-oldrel-windows-ix86+x86_64