Last updated on 2022-04-24 03:52:41 CEST.
Flavor | Version | Tinstall | Tcheck | Ttotal | Status | Flags |
---|---|---|---|---|---|---|
r-devel-linux-x86_64-debian-clang | 1.1.3 | 3.78 | 47.15 | 50.93 | OK | |
r-devel-linux-x86_64-debian-gcc | 1.1.3 | 4.03 | 36.93 | 40.96 | OK | |
r-devel-linux-x86_64-fedora-clang | 1.1.3 | 66.27 | NOTE | |||
r-devel-linux-x86_64-fedora-gcc | 1.1.3 | 55.47 | NOTE | |||
r-patched-linux-x86_64 | 1.1.3 | 5.03 | 45.33 | 50.36 | OK | |
r-release-linux-x86_64 | 1.1.3 | 4.47 | 44.12 | 48.59 | OK | |
r-release-macos-arm64 | 1.1.3 | NOTE | ||||
r-release-macos-x86_64 | 1.1.3 | NOTE | ||||
r-release-windows-x86_64 | 1.1.3 | 40.00 | 66.00 | 106.00 | OK | |
r-oldrel-macos-arm64 | 1.1.3 | NOTE | ||||
r-oldrel-macos-x86_64 | 1.1.3 | NOTE | ||||
r-oldrel-windows-ix86+x86_64 | 1.1.3 | 15.00 | 57.00 | 72.00 | OK |
Version: 1.1.3
Check: dependencies in R code
Result: NOTE
Namespaces in Imports field not imported from:
‘DT’ ‘ENMeval’ ‘RColorBrewer’ ‘dismo’ ‘dplyr’ ‘ecospat’ ‘jsonlite’
‘leaflet.extras’ ‘raster’ ‘rgdal’ ‘rgeos’ ‘rmarkdown’ ‘shinyjs’ ‘sp’
‘spThin’ ‘spocc’ ‘zip’
All declared Imports should be used.
Flavors: r-devel-linux-x86_64-fedora-clang, r-devel-linux-x86_64-fedora-gcc, r-release-macos-arm64, r-release-macos-x86_64, r-oldrel-macos-arm64, r-oldrel-macos-x86_64