Last updated on 2022-04-24 03:52:41 CEST.
Flavor | Version | Tinstall | Tcheck | Ttotal | Status | Flags |
---|---|---|---|---|---|---|
r-devel-linux-x86_64-debian-clang | 1.0.4 | 17.56 | 45.51 | 63.07 | OK | |
r-devel-linux-x86_64-debian-gcc | 1.0.4 | 13.47 | 35.40 | 48.87 | OK | |
r-devel-linux-x86_64-fedora-clang | 1.0.4 | 81.36 | NOTE | |||
r-devel-linux-x86_64-fedora-gcc | 1.0.4 | 72.37 | NOTE | |||
r-patched-linux-x86_64 | 1.0.4 | 14.13 | 44.39 | 58.52 | OK | |
r-release-linux-x86_64 | 1.0.4 | 14.97 | 42.61 | 57.58 | OK | |
r-release-macos-arm64 | 1.0.4 | NOTE | ||||
r-release-macos-x86_64 | 1.0.4 | NOTE | ||||
r-release-windows-x86_64 | 1.0.4 | 21.00 | 65.00 | 86.00 | OK | |
r-oldrel-macos-arm64 | 1.0.4 | NOTE | ||||
r-oldrel-macos-x86_64 | 1.0.4 | NOTE | ||||
r-oldrel-windows-ix86+x86_64 | 1.0.4 | 27.00 | 53.00 | 80.00 | OK |
Version: 1.0.4
Check: dependencies in R code
Result: NOTE
Namespaces in Imports field not imported from:
‘R6’ ‘WRS2’ ‘ggplot2’
All declared Imports should be used.
Flavors: r-devel-linux-x86_64-fedora-clang, r-devel-linux-x86_64-fedora-gcc, r-release-macos-arm64, r-release-macos-x86_64, r-oldrel-macos-arm64, r-oldrel-macos-x86_64