Last updated on 2022-04-24 03:52:41 CEST.
Flavor | Version | Tinstall | Tcheck | Ttotal | Status | Flags |
---|---|---|---|---|---|---|
r-devel-linux-x86_64-debian-clang | 0.2.0 | 5.41 | 63.00 | 68.41 | NOTE | |
r-devel-linux-x86_64-debian-gcc | 0.2.0 | 3.67 | 49.21 | 52.88 | NOTE | |
r-devel-linux-x86_64-fedora-clang | 0.2.0 | 84.47 | NOTE | |||
r-devel-linux-x86_64-fedora-gcc | 0.2.0 | 75.93 | NOTE | |||
r-patched-linux-x86_64 | 0.2.0 | 4.95 | 60.42 | 65.37 | NOTE | |
r-release-linux-x86_64 | 0.2.0 | 4.52 | 61.05 | 65.57 | NOTE | |
r-release-macos-arm64 | 0.2.0 | NOTE | ||||
r-release-macos-x86_64 | 0.2.0 | NOTE | ||||
r-release-windows-x86_64 | 0.2.0 | 25.00 | 81.00 | 106.00 | NOTE | |
r-oldrel-macos-arm64 | 0.2.0 | NOTE | ||||
r-oldrel-macos-x86_64 | 0.2.0 | NOTE | ||||
r-oldrel-windows-ix86+x86_64 | 0.2.0 | 18.00 | 129.00 | 147.00 | NOTE |
Version: 0.2.0
Check: LazyData
Result: NOTE
'LazyData' is specified without a 'data' directory
Flavors: r-devel-linux-x86_64-debian-clang, r-devel-linux-x86_64-debian-gcc, r-devel-linux-x86_64-fedora-clang, r-devel-linux-x86_64-fedora-gcc, r-patched-linux-x86_64, r-release-linux-x86_64, r-release-macos-arm64, r-release-macos-x86_64, r-release-windows-x86_64, r-oldrel-macos-arm64, r-oldrel-macos-x86_64, r-oldrel-windows-ix86+x86_64