Last updated on 2022-04-24 03:52:41 CEST.
Flavor | Version | Tinstall | Tcheck | Ttotal | Status | Flags |
---|---|---|---|---|---|---|
r-devel-linux-x86_64-debian-clang | 0.1.2 | 1.92 | 35.68 | 37.60 | NOTE | |
r-devel-linux-x86_64-debian-gcc | 0.1.2 | 1.81 | 27.26 | 29.07 | NOTE | |
r-devel-linux-x86_64-fedora-clang | 0.1.2 | 46.27 | NOTE | |||
r-devel-linux-x86_64-fedora-gcc | 0.1.2 | 37.00 | NOTE | |||
r-patched-linux-x86_64 | 0.1.2 | 1.70 | 34.89 | 36.59 | NOTE | |
r-release-linux-x86_64 | 0.1.2 | 2.16 | 33.74 | 35.90 | NOTE | |
r-release-macos-arm64 | 0.1.2 | OK | ||||
r-release-macos-x86_64 | 0.1.2 | OK | ||||
r-release-windows-x86_64 | 0.1.2 | 12.00 | 51.00 | 63.00 | OK | |
r-oldrel-macos-arm64 | 0.1.2 | OK | ||||
r-oldrel-macos-x86_64 | 0.1.2 | OK | ||||
r-oldrel-windows-ix86+x86_64 | 0.1.2 | 5.00 | 42.00 | 47.00 | OK |
Version: 0.1.2
Check: for non-standard things in the check directory
Result: NOTE
Found the following files/directories:
'linout.csv' 'linout.pdf' 'out.csv' 'out.pdf' 'tabel_out.csv'
Flavors: r-devel-linux-x86_64-debian-clang, r-devel-linux-x86_64-debian-gcc, r-devel-linux-x86_64-fedora-clang, r-devel-linux-x86_64-fedora-gcc, r-patched-linux-x86_64, r-release-linux-x86_64