Last updated on 2022-04-24 03:52:41 CEST.
Flavor | Version | Tinstall | Tcheck | Ttotal | Status | Flags |
---|---|---|---|---|---|---|
r-devel-linux-x86_64-debian-clang | 1.0.0 | 45.08 | 59.26 | 104.34 | OK | |
r-devel-linux-x86_64-debian-gcc | 1.0.0 | 37.24 | 54.86 | 92.10 | OK | |
r-devel-linux-x86_64-fedora-clang | 1.0.0 | 137.94 | NOTE | |||
r-devel-linux-x86_64-fedora-gcc | 1.0.0 | 136.97 | NOTE | |||
r-patched-linux-x86_64 | 1.0.0 | 37.75 | 65.72 | 103.47 | OK | |
r-release-linux-x86_64 | 1.0.0 | 35.06 | 63.93 | 98.99 | OK | |
r-release-macos-arm64 | 1.0.0 | NOTE | ||||
r-release-macos-x86_64 | 1.0.0 | NOTE | ||||
r-release-windows-x86_64 | 1.0.0 | 46.00 | 118.00 | 164.00 | OK | |
r-oldrel-macos-arm64 | 1.0.0 | NOTE | ||||
r-oldrel-macos-x86_64 | 1.0.0 | NOTE | ||||
r-oldrel-windows-ix86+x86_64 | 1.0.0 | 108.00 | 128.00 | 236.00 | OK |
Version: 1.0.0
Check: dependencies in R code
Result: NOTE
Namespace in Imports field not imported from: ‘methods’
All declared Imports should be used.
Flavors: r-devel-linux-x86_64-fedora-clang, r-devel-linux-x86_64-fedora-gcc, r-release-macos-arm64, r-release-macos-x86_64, r-oldrel-macos-arm64, r-oldrel-macos-x86_64