Last updated on 2022-04-24 03:52:41 CEST.
Flavor | Version | Tinstall | Tcheck | Ttotal | Status | Flags |
---|---|---|---|---|---|---|
r-devel-linux-x86_64-debian-clang | 0.3-0.2 | 7.59 | 54.56 | 62.15 | OK | |
r-devel-linux-x86_64-debian-gcc | 0.3-0.2 | 5.12 | 42.17 | 47.29 | OK | |
r-devel-linux-x86_64-fedora-clang | 0.3-0.2 | 76.48 | NOTE | |||
r-devel-linux-x86_64-fedora-gcc | 0.3-0.2 | 68.38 | NOTE | |||
r-patched-linux-x86_64 | 0.3-0.2 | 6.83 | 53.55 | 60.38 | OK | |
r-release-linux-x86_64 | 0.3-0.2 | 7.65 | 52.10 | 59.75 | OK | |
r-release-macos-arm64 | 0.3-0.2 | OK | ||||
r-release-macos-x86_64 | 0.3-0.2 | OK | ||||
r-release-windows-x86_64 | 0.3-0.2 | 42.00 | 71.00 | 113.00 | OK | |
r-oldrel-macos-arm64 | 0.3-0.2 | OK | ||||
r-oldrel-macos-x86_64 | 0.3-0.2 | OK | ||||
r-oldrel-windows-ix86+x86_64 | 0.3-0.2 | 16.00 | 53.00 | 69.00 | OK |
Version: 0.3-0.2
Check: compiled code
Result: NOTE
File ‘wavelets/libs/wavelets.so’:
Found no calls to: ‘R_registerRoutines’, ‘R_useDynamicSymbols’
It is good practice to register native routines and to disable symbol
search.
See ‘Writing portable packages’ in the ‘Writing R Extensions’ manual.
Flavors: r-devel-linux-x86_64-fedora-clang, r-devel-linux-x86_64-fedora-gcc