Last updated on 2022-04-24 03:52:41 CEST.
Flavor | Version | Tinstall | Tcheck | Ttotal | Status | Flags |
---|---|---|---|---|---|---|
r-devel-linux-x86_64-debian-clang | 4.6.8 | 25.96 | 129.16 | 155.12 | OK | |
r-devel-linux-x86_64-debian-gcc | 4.6.8 | 17.77 | 95.74 | 113.51 | OK | |
r-devel-linux-x86_64-fedora-clang | 4.6.8 | 195.98 | NOTE | |||
r-devel-linux-x86_64-fedora-gcc | 4.6.8 | 187.78 | NOTE | |||
r-patched-linux-x86_64 | 4.6.8 | 32.40 | 122.98 | 155.38 | OK | |
r-release-linux-x86_64 | 4.6.8 | 24.20 | 119.06 | 143.26 | OK | |
r-release-macos-arm64 | 4.6.8 | OK | ||||
r-release-macos-x86_64 | 4.6.8 | OK | ||||
r-release-windows-x86_64 | 4.6.8 | 306.00 | 153.00 | 459.00 | OK | |
r-oldrel-macos-arm64 | 4.6.8 | OK | ||||
r-oldrel-macos-x86_64 | 4.6.8 | OK | ||||
r-oldrel-windows-ix86+x86_64 | 4.6.8 | 48.00 | 158.00 | 206.00 | OK |
Version: 4.6.8
Check: compiled code
Result: NOTE
File ‘wavethresh/libs/wavethresh.so’:
Found no calls to: ‘R_registerRoutines’, ‘R_useDynamicSymbols’
It is good practice to register native routines and to disable symbol
search.
See ‘Writing portable packages’ in the ‘Writing R Extensions’ manual.
Flavors: r-devel-linux-x86_64-fedora-clang, r-devel-linux-x86_64-fedora-gcc