Last updated on 2022-04-24 03:52:41 CEST.
Flavor | Version | Tinstall | Tcheck | Ttotal | Status | Flags |
---|---|---|---|---|---|---|
r-devel-linux-x86_64-debian-clang | 1.1.0 | 2.05 | 263.61 | 265.66 | NOTE | |
r-devel-linux-x86_64-debian-gcc | 1.1.0 | 1.78 | 174.35 | 176.13 | NOTE | |
r-devel-linux-x86_64-fedora-clang | 1.1.0 | 307.26 | NOTE | |||
r-devel-linux-x86_64-fedora-gcc | 1.1.0 | 304.05 | NOTE | |||
r-patched-linux-x86_64 | 1.1.0 | 2.55 | 238.77 | 241.32 | NOTE | |
r-release-linux-x86_64 | 1.1.0 | 1.95 | 228.96 | 230.91 | NOTE | |
r-release-macos-arm64 | 1.1.0 | NOTE | ||||
r-release-macos-x86_64 | 1.1.0 | NOTE | ||||
r-release-windows-x86_64 | 1.1.0 | 10.00 | 297.00 | 307.00 | NOTE | |
r-oldrel-macos-arm64 | 1.1.0 | NOTE | ||||
r-oldrel-macos-x86_64 | 1.1.0 | NOTE | ||||
r-oldrel-windows-ix86+x86_64 | 1.1.0 | 5.00 | 269.00 | 274.00 | NOTE |
Version: 1.1.0
Check: LazyData
Result: NOTE
'LazyData' is specified without a 'data' directory
Flavors: r-devel-linux-x86_64-debian-clang, r-devel-linux-x86_64-debian-gcc, r-devel-linux-x86_64-fedora-clang, r-devel-linux-x86_64-fedora-gcc, r-patched-linux-x86_64, r-release-linux-x86_64, r-release-macos-arm64, r-release-macos-x86_64, r-release-windows-x86_64, r-oldrel-macos-arm64, r-oldrel-macos-x86_64, r-oldrel-windows-ix86+x86_64