Last updated on 2022-04-24 03:52:41 CEST.
Flavor | Version | Tinstall | Tcheck | Ttotal | Status | Flags |
---|---|---|---|---|---|---|
r-devel-linux-x86_64-debian-clang | 0.0.3 | 9.85 | 68.23 | 78.08 | OK | |
r-devel-linux-x86_64-debian-gcc | 0.0.3 | 8.72 | 53.16 | 61.88 | OK | |
r-devel-linux-x86_64-fedora-clang | 0.0.3 | 97.44 | NOTE | |||
r-devel-linux-x86_64-fedora-gcc | 0.0.3 | 89.39 | NOTE | |||
r-patched-linux-x86_64 | 0.0.3 | 8.55 | 65.70 | 74.25 | OK | |
r-release-linux-x86_64 | 0.0.3 | 8.58 | 65.29 | 73.87 | OK | |
r-release-macos-arm64 | 0.0.3 | NOTE | ||||
r-release-macos-x86_64 | 0.0.3 | NOTE | ||||
r-release-windows-x86_64 | 0.0.3 | 20.00 | 101.00 | 121.00 | OK | |
r-oldrel-macos-arm64 | 0.0.3 | NOTE | ||||
r-oldrel-macos-x86_64 | 0.0.3 | NOTE | ||||
r-oldrel-windows-ix86+x86_64 | 0.0.3 | 20.00 | 91.00 | 111.00 | OK |
Version: 0.0.3
Check: dependencies in R code
Result: NOTE
Namespace in Imports field not imported from: ‘utils’
All declared Imports should be used.
Flavors: r-devel-linux-x86_64-fedora-clang, r-devel-linux-x86_64-fedora-gcc, r-release-macos-arm64, r-release-macos-x86_64, r-oldrel-macos-arm64, r-oldrel-macos-x86_64
Version: 0.0.3
Check: data for non-ASCII characters
Result: NOTE
Note: found 4413 marked UTF-8 strings
Flavors: r-devel-linux-x86_64-fedora-clang, r-devel-linux-x86_64-fedora-gcc, r-release-macos-arm64, r-release-macos-x86_64, r-oldrel-macos-arm64, r-oldrel-macos-x86_64