Last updated on 2022-04-24 03:52:41 CEST.
Flavor | Version | Tinstall | Tcheck | Ttotal | Status | Flags |
---|---|---|---|---|---|---|
r-devel-linux-x86_64-debian-clang | 0.1.3 | 7.80 | 86.76 | 94.56 | OK | |
r-devel-linux-x86_64-debian-gcc | 0.1.3 | 5.98 | 64.67 | 70.65 | OK | |
r-devel-linux-x86_64-fedora-clang | 0.1.3 | 112.16 | NOTE | |||
r-devel-linux-x86_64-fedora-gcc | 0.1.3 | 103.91 | NOTE | |||
r-patched-linux-x86_64 | 0.1.3 | 12.59 | 83.25 | 95.84 | OK | |
r-release-linux-x86_64 | 0.1.3 | 7.01 | 78.15 | 85.16 | OK | |
r-release-macos-arm64 | 0.1.3 | NOTE | ||||
r-release-macos-x86_64 | 0.1.3 | NOTE | ||||
r-release-windows-x86_64 | 0.1.3 | 21.00 | 106.00 | 127.00 | OK | |
r-oldrel-macos-arm64 | 0.1.3 | NOTE | ||||
r-oldrel-macos-x86_64 | 0.1.3 | NOTE | ||||
r-oldrel-windows-ix86+x86_64 | 0.1.3 | 19.00 | 94.00 | 113.00 | OK |
Version: 0.1.3
Check: dependencies in R code
Result: NOTE
Namespaces in Imports field not imported from:
‘ggplot2’ ‘httr’ ‘jsonlite’
All declared Imports should be used.
Flavors: r-devel-linux-x86_64-fedora-clang, r-devel-linux-x86_64-fedora-gcc, r-release-macos-arm64, r-release-macos-x86_64, r-oldrel-macos-arm64, r-oldrel-macos-x86_64