Last updated on 2022-04-24 03:52:41 CEST.
Flavor | Version | Tinstall | Tcheck | Ttotal | Status | Flags |
---|---|---|---|---|---|---|
r-devel-linux-x86_64-debian-clang | 1.3.2 | 4.95 | 90.12 | 95.07 | NOTE | |
r-devel-linux-x86_64-debian-gcc | 1.3.2 | 4.28 | 66.46 | 70.74 | NOTE | |
r-devel-linux-x86_64-fedora-clang | 1.3.2 | 111.16 | NOTE | |||
r-devel-linux-x86_64-fedora-gcc | 1.3.2 | 100.88 | NOTE | |||
r-patched-linux-x86_64 | 1.3.2 | 5.24 | 84.74 | 89.98 | NOTE | |
r-release-linux-x86_64 | 1.3.2 | 4.84 | 81.64 | 86.48 | NOTE | |
r-release-macos-arm64 | 1.3.2 | NOTE | ||||
r-release-macos-x86_64 | 1.3.2 | NOTE | ||||
r-release-windows-x86_64 | 1.3.2 | 16.00 | 104.00 | 120.00 | NOTE | |
r-oldrel-macos-arm64 | 1.3.2 | NOTE | ||||
r-oldrel-macos-x86_64 | 1.3.2 | NOTE | ||||
r-oldrel-windows-ix86+x86_64 | 1.3.2 | 17.00 | 93.00 | 110.00 | NOTE |
Version: 1.3.2
Check: package dependencies
Result: NOTE
Package suggested but not available for checking: 'prepr'
Flavors: r-devel-linux-x86_64-debian-clang, r-devel-linux-x86_64-debian-gcc, r-devel-linux-x86_64-fedora-clang, r-devel-linux-x86_64-fedora-gcc, r-patched-linux-x86_64, r-release-linux-x86_64, r-release-macos-arm64, r-release-macos-x86_64, r-release-windows-x86_64, r-oldrel-macos-arm64, r-oldrel-macos-x86_64, r-oldrel-windows-ix86+x86_64