Last updated on 2022-04-24 03:52:41 CEST.
Flavor | Version | Tinstall | Tcheck | Ttotal | Status | Flags |
---|---|---|---|---|---|---|
r-devel-linux-x86_64-debian-clang | 0.1.0 | 3.70 | 42.08 | 45.78 | NOTE | |
r-devel-linux-x86_64-debian-gcc | 0.1.0 | 2.30 | 32.27 | 34.57 | NOTE | |
r-devel-linux-x86_64-fedora-clang | 0.1.0 | 54.37 | NOTE | |||
r-devel-linux-x86_64-fedora-gcc | 0.1.0 | 44.46 | NOTE | |||
r-patched-linux-x86_64 | 0.1.0 | 3.22 | 40.15 | 43.37 | NOTE | |
r-release-linux-x86_64 | 0.1.0 | 3.19 | 37.50 | 40.69 | NOTE | |
r-release-macos-arm64 | 0.1.0 | NOTE | ||||
r-release-macos-x86_64 | 0.1.0 | NOTE | ||||
r-release-windows-x86_64 | 0.1.0 | 14.00 | 61.00 | 75.00 | NOTE | |
r-oldrel-macos-arm64 | 0.1.0 | NOTE | ||||
r-oldrel-macos-x86_64 | 0.1.0 | NOTE | ||||
r-oldrel-windows-ix86+x86_64 | 0.1.0 | 8.00 | 52.00 | 60.00 | NOTE |
Version: 0.1.0
Check: LazyData
Result: NOTE
'LazyData' is specified without a 'data' directory
Flavors: r-devel-linux-x86_64-debian-clang, r-devel-linux-x86_64-debian-gcc, r-devel-linux-x86_64-fedora-clang, r-devel-linux-x86_64-fedora-gcc, r-patched-linux-x86_64, r-release-linux-x86_64, r-release-macos-arm64, r-release-macos-x86_64, r-release-windows-x86_64, r-oldrel-macos-arm64, r-oldrel-macos-x86_64, r-oldrel-windows-ix86+x86_64