Last updated on 2022-04-24 03:52:41 CEST.
Flavor | Version | Tinstall | Tcheck | Ttotal | Status | Flags |
---|---|---|---|---|---|---|
r-devel-linux-x86_64-debian-clang | 1.0.6 | 6.02 | 42.06 | 48.08 | NOTE | |
r-devel-linux-x86_64-debian-gcc | 1.0.6 | 4.24 | 32.24 | 36.48 | NOTE | |
r-devel-linux-x86_64-fedora-clang | 1.0.6 | 57.81 | NOTE | |||
r-devel-linux-x86_64-fedora-gcc | 1.0.6 | 48.15 | NOTE | |||
r-patched-linux-x86_64 | 1.0.6 | 5.15 | 40.73 | 45.88 | NOTE | |
r-release-linux-x86_64 | 1.0.6 | 4.44 | 40.04 | 44.48 | NOTE | |
r-release-macos-arm64 | 1.0.6 | NOTE | ||||
r-release-macos-x86_64 | 1.0.6 | NOTE | ||||
r-release-windows-x86_64 | 1.0.6 | 50.00 | 59.00 | 109.00 | NOTE | |
r-oldrel-macos-arm64 | 1.0.6 | NOTE | ||||
r-oldrel-macos-x86_64 | 1.0.6 | NOTE | ||||
r-oldrel-windows-ix86+x86_64 | 1.0.6 | 12.00 | 48.00 | 60.00 | NOTE |
Version: 1.0.6
Check: LazyData
Result: NOTE
'LazyData' is specified without a 'data' directory
Flavors: r-devel-linux-x86_64-debian-clang, r-devel-linux-x86_64-debian-gcc, r-devel-linux-x86_64-fedora-clang, r-devel-linux-x86_64-fedora-gcc, r-patched-linux-x86_64, r-release-linux-x86_64, r-release-macos-arm64, r-release-macos-x86_64, r-release-windows-x86_64, r-oldrel-macos-arm64, r-oldrel-macos-x86_64, r-oldrel-windows-ix86+x86_64