Last updated on 2022-04-24 03:52:41 CEST.
Flavor | Version | Tinstall | Tcheck | Ttotal | Status | Flags |
---|---|---|---|---|---|---|
r-devel-linux-x86_64-debian-clang | 1.0.3 | 10.42 | 98.25 | 108.67 | OK | |
r-devel-linux-x86_64-debian-gcc | 1.0.3 | 7.11 | 73.36 | 80.47 | OK | |
r-devel-linux-x86_64-fedora-clang | 1.0.3 | 125.54 | NOTE | |||
r-devel-linux-x86_64-fedora-gcc | 1.0.3 | 117.41 | OK | |||
r-patched-linux-x86_64 | 1.0.3 | 9.18 | 91.18 | 100.36 | OK | |
r-release-linux-x86_64 | 1.0.3 | 6.09 | 85.80 | 91.89 | OK | |
r-release-macos-arm64 | 1.0.3 | NOTE | ||||
r-release-macos-x86_64 | 1.0.3 | NOTE | ||||
r-release-windows-x86_64 | 1.0.3 | 323.00 | 158.00 | 481.00 | NOTE | |
r-oldrel-macos-arm64 | 1.0.3 | NOTE | ||||
r-oldrel-macos-x86_64 | 1.0.3 | NOTE | ||||
r-oldrel-windows-ix86+x86_64 | 1.0.3 | 38.00 | 169.00 | 207.00 | NOTE |
Version: 1.0.3
Check: installed package size
Result: NOTE
installed size is 10.8Mb
sub-directories of 1Mb or more:
client 9.6Mb
doc 1.0Mb
Flavors: r-devel-linux-x86_64-fedora-clang, r-release-macos-arm64, r-release-macos-x86_64, r-release-windows-x86_64, r-oldrel-macos-arm64, r-oldrel-macos-x86_64, r-oldrel-windows-ix86+x86_64