Last updated on 2022-04-24 03:52:41 CEST.
Flavor | Version | Tinstall | Tcheck | Ttotal | Status | Flags |
---|---|---|---|---|---|---|
r-devel-linux-x86_64-debian-clang | 0.8.0 | 18.13 | 61.03 | 79.16 | NOTE | |
r-devel-linux-x86_64-debian-gcc | 0.8.0 | 12.85 | 45.41 | 58.26 | NOTE | |
r-devel-linux-x86_64-fedora-clang | 0.8.0 | 93.07 | NOTE | |||
r-devel-linux-x86_64-fedora-gcc | 0.8.0 | 85.53 | NOTE | |||
r-patched-linux-x86_64 | 0.8.0 | 18.29 | 57.90 | 76.19 | NOTE | |
r-release-linux-x86_64 | 0.8.0 | 15.17 | 57.11 | 72.28 | NOTE | |
r-release-macos-arm64 | 0.8.0 | NOTE | ||||
r-release-macos-x86_64 | 0.8.0 | NOTE | ||||
r-release-windows-x86_64 | 0.8.0 | 67.00 | 80.00 | 147.00 | NOTE | |
r-oldrel-macos-arm64 | 0.8.0 | NOTE | ||||
r-oldrel-macos-x86_64 | 0.8.0 | NOTE | ||||
r-oldrel-windows-ix86+x86_64 | 0.8.0 | 25.00 | 69.00 | 94.00 | NOTE |
Version: 0.8.0
Check: LazyData
Result: NOTE
'LazyData' is specified without a 'data' directory
Flavors: r-devel-linux-x86_64-debian-clang, r-devel-linux-x86_64-debian-gcc, r-devel-linux-x86_64-fedora-clang, r-devel-linux-x86_64-fedora-gcc, r-patched-linux-x86_64, r-release-linux-x86_64, r-release-macos-arm64, r-release-macos-x86_64, r-release-windows-x86_64, r-oldrel-macos-arm64, r-oldrel-macos-x86_64, r-oldrel-windows-ix86+x86_64