Last updated on 2022-04-24 03:52:41 CEST.
Flavor | Version | Tinstall | Tcheck | Ttotal | Status | Flags |
---|---|---|---|---|---|---|
r-devel-linux-x86_64-debian-clang | 0.4.0 | 23.01 | 62.58 | 85.59 | OK | |
r-devel-linux-x86_64-debian-gcc | 0.4.0 | 17.88 | 47.26 | 65.14 | OK | |
r-devel-linux-x86_64-fedora-clang | 0.4.0 | 111.95 | NOTE | |||
r-devel-linux-x86_64-fedora-gcc | 0.4.0 | 98.01 | NOTE | |||
r-patched-linux-x86_64 | 0.4.0 | 20.43 | 59.23 | 79.66 | OK | |
r-release-linux-x86_64 | 0.4.0 | 17.35 | 54.30 | 71.65 | OK | |
r-release-macos-arm64 | 0.4.0 | OK | ||||
r-release-macos-x86_64 | 0.4.0 | OK | ||||
r-release-windows-x86_64 | 0.4.0 | 33.00 | 101.00 | 134.00 | OK | |
r-oldrel-macos-arm64 | 0.4.0 | OK | ||||
r-oldrel-macos-x86_64 | 0.4.0 | OK | ||||
r-oldrel-windows-ix86+x86_64 | 0.4.0 | 56.00 | 103.00 | 159.00 | OK |
Version: 0.4.0
Check: compiled code
Result: NOTE
File ‘webreadr/libs/webreadr.so’:
Found no calls to: ‘R_registerRoutines’, ‘R_useDynamicSymbols’
It is good practice to register native routines and to disable symbol
search.
See ‘Writing portable packages’ in the ‘Writing R Extensions’ manual.
Flavors: r-devel-linux-x86_64-fedora-clang, r-devel-linux-x86_64-fedora-gcc