Last updated on 2022-04-24 03:52:41 CEST.
Flavor | Version | Tinstall | Tcheck | Ttotal | Status | Flags |
---|---|---|---|---|---|---|
r-devel-linux-x86_64-debian-clang | 1.4.1 | 80.11 | 46.18 | 126.29 | NOTE | |
r-devel-linux-x86_64-debian-gcc | 1.4.1 | 66.96 | 36.08 | 103.04 | NOTE | |
r-devel-linux-x86_64-fedora-clang | 1.4.1 | 179.13 | NOTE | |||
r-devel-linux-x86_64-fedora-gcc | 1.4.1 | 173.65 | NOTE | |||
r-patched-linux-x86_64 | 1.4.1 | 70.02 | 44.42 | 114.44 | NOTE | |
r-release-linux-x86_64 | 1.4.1 | 76.92 | 42.62 | 119.54 | NOTE | |
r-release-macos-arm64 | 1.4.1 | NOTE | ||||
r-release-macos-x86_64 | 1.4.1 | NOTE | ||||
r-release-windows-x86_64 | 1.4.1 | 225.00 | 131.00 | 356.00 | NOTE | |
r-oldrel-macos-arm64 | 1.4.1 | NOTE | ||||
r-oldrel-macos-x86_64 | 1.4.1 | NOTE | ||||
r-oldrel-windows-ix86+x86_64 | 1.4.1 | 347.00 | 126.00 | 473.00 | NOTE |
Version: 1.4.1
Check: for GNU extensions in Makefiles
Result: NOTE
GNU make is a SystemRequirements.
Flavors: r-devel-linux-x86_64-debian-clang, r-devel-linux-x86_64-debian-gcc, r-devel-linux-x86_64-fedora-clang, r-devel-linux-x86_64-fedora-gcc, r-patched-linux-x86_64, r-release-linux-x86_64, r-release-macos-arm64, r-release-macos-x86_64, r-release-windows-x86_64, r-oldrel-macos-arm64, r-oldrel-macos-x86_64, r-oldrel-windows-ix86+x86_64
Version: 1.4.1
Check: installed package size
Result: NOTE
installed size is 15.3Mb
sub-directories of 1Mb or more:
libs 15.1Mb
Flavors: r-devel-linux-x86_64-fedora-clang, r-release-macos-arm64, r-release-macos-x86_64, r-oldrel-macos-arm64, r-oldrel-macos-x86_64, r-oldrel-windows-ix86+x86_64