Last updated on 2022-04-24 03:52:41 CEST.
Flavor | Version | Tinstall | Tcheck | Ttotal | Status | Flags |
---|---|---|---|---|---|---|
r-devel-linux-x86_64-debian-clang | 0.7.4 | 229.20 | 56.04 | 285.24 | OK | |
r-devel-linux-x86_64-debian-gcc | 0.7.4 | 171.36 | 66.35 | 237.71 | WARN | |
r-devel-linux-x86_64-fedora-clang | 0.7.4 | 385.27 | NOTE | |||
r-devel-linux-x86_64-fedora-gcc | 0.7.4 | 398.24 | OK | |||
r-patched-linux-x86_64 | 0.7.4 | 187.73 | 93.23 | 280.96 | OK | |
r-release-linux-x86_64 | 0.7.4 | 188.05 | 87.31 | 275.36 | OK | |
r-release-macos-arm64 | 0.7.4 | NOTE | ||||
r-release-macos-x86_64 | 0.7.4 | NOTE | ||||
r-release-windows-x86_64 | 0.7.4 | 425.00 | 98.00 | 523.00 | OK | |
r-oldrel-macos-arm64 | 0.7.4 | NOTE | ||||
r-oldrel-macos-x86_64 | 0.7.4 | NOTE | ||||
r-oldrel-windows-ix86+x86_64 | 0.7.4 | 421.00 | 102.00 | 523.00 | OK |
Version: 0.7.4
Check: whether package can be installed
Result: WARN
Found the following significant warnings:
/home/hornik/tmp/R.check/r-devel-gcc/Work/build/Packages/BH/include/boost/geometry/algorithms/detail/envelope/range.hpp:112:15: warning: ‘*(boost::geometry::model::point<double, 2, boost::geometry::cs::cartesian>*)((char*)&state + offsetof(boost::geometry::strategy::envelope::cartesian<void>::multi_state<boost::geometry::model::box<boost::geometry::model::point<double, 2, boost::geometry::cs::cartesian> > >,boost::geometry::strategy::envelope::cartesian<void>::multi_state<boost::geometry::model::box<boost::geometry::model::point<double, 2, boost::geometry::cs::cartesian> > >::m_box.boost::geometry::model::box<boost::geometry::model::point<double, 2, boost::geometry::cs::cartesian> >::m_min_corner)).boost::geometry::model::point<double, 2, boost::geometry::cs::cartesian>::m_values[0]’ is used uninitialized [-Wuninitialized]
/home/hornik/tmp/R.check/r-devel-gcc/Work/build/Packages/BH/include/boost/geometry/algorithms/detail/envelope/range.hpp:112:15: warning: ‘*(boost::geometry::model::point<double, 2, boost::geometry::cs::cartesian>*)((char*)&state + offsetof(boost::geometry::strategy::envelope::cartesian<void>::multi_state<boost::geometry::model::box<boost::geometry::model::point<double, 2, boost::geometry::cs::cartesian> > >,boost::geometry::strategy::envelope::cartesian<void>::multi_state<boost::geometry::model::box<boost::geometry::model::point<double, 2, boost::geometry::cs::cartesian> > >::m_box.boost::geometry::model::box<boost::geometry::model::point<double, 2, boost::geometry::cs::cartesian> >::m_min_corner)).boost::geometry::model::point<double, 2, boost::geometry::cs::cartesian>::m_values[1]’ is used uninitialized [-Wuninitialized]
/home/hornik/tmp/R.check/r-devel-gcc/Work/build/Packages/BH/include/boost/geometry/algorithms/detail/envelope/range.hpp:112:15: warning: ‘*(boost::geometry::model::point<double, 2, boost::geometry::cs::cartesian>*)((char*)&state + offsetof(boost::geometry::strategy::envelope::cartesian<void>::multi_state<boost::geometry::model::box<boost::geometry::model::point<double, 2, boost::geometry::cs::cartesian> > >,boost::geometry::strategy::envelope::cartesian<void>::multi_state<boost::geometry::model::box<boost::geometry::model::point<double, 2, boost::geometry::cs::cartesian> > >::m_box.boost::geometry::model::box<boost::geometry::model::point<double, 2, boost::geometry::cs::cartesian> >::m_max_corner)).boost::geometry::model::point<double, 2, boost::geometry::cs::cartesian>::m_values[0]’ is used uninitialized [-Wuninitialized]
/home/hornik/tmp/R.check/r-devel-gcc/Work/build/Packages/BH/include/boost/geometry/algorithms/detail/envelope/range.hpp:112:15: warning: ‘*(boost::geometry::model::point<double, 2, boost::geometry::cs::cartesian>*)((char*)&state + offsetof(boost::geometry::strategy::envelope::cartesian<void>::multi_state<boost::geometry::model::box<boost::geometry::model::point<double, 2, boost::geometry::cs::cartesian> > >,boost::geometry::strategy::envelope::cartesian<void>::multi_state<boost::geometry::model::box<boost::geometry::model::point<double, 2, boost::geometry::cs::cartesian> > >::m_box.boost::geometry::model::box<boost::geometry::model::point<double, 2, boost::geometry::cs::cartesian> >::m_max_corner)).boost::geometry::model::point<double, 2, boost::geometry::cs::cartesian>::m_values[1]’ is used uninitialized [-Wuninitialized]
Flavor: r-devel-linux-x86_64-debian-gcc
Version: 0.7.4
Check: installed package size
Result: NOTE
installed size is 10.9Mb
sub-directories of 1Mb or more:
libs 10.6Mb
Flavors: r-devel-linux-x86_64-fedora-clang, r-release-macos-arm64, r-release-macos-x86_64, r-oldrel-macos-arm64, r-oldrel-macos-x86_64