Last updated on 2022-04-24 03:52:41 CEST.
Flavor | Version | Tinstall | Tcheck | Ttotal | Status | Flags |
---|---|---|---|---|---|---|
r-devel-linux-x86_64-debian-clang | 1.9.1 | 16.18 | 97.88 | 114.06 | NOTE | |
r-devel-linux-x86_64-debian-gcc | 1.9.1 | 13.75 | 72.77 | 86.52 | NOTE | |
r-devel-linux-x86_64-fedora-clang | 1.9.1 | 140.17 | NOTE | |||
r-devel-linux-x86_64-fedora-gcc | 1.9.1 | 130.53 | NOTE | |||
r-patched-linux-x86_64 | 1.9.1 | 15.55 | 92.80 | 108.35 | NOTE | |
r-release-linux-x86_64 | 1.9.1 | 13.05 | 85.74 | 98.79 | NOTE | |
r-release-macos-arm64 | 1.9.1 | NOTE | ||||
r-release-macos-x86_64 | 1.9.1 | NOTE | ||||
r-release-windows-x86_64 | 1.9.1 | 23.00 | 107.00 | 130.00 | NOTE | |
r-oldrel-macos-arm64 | 1.9.1 | NOTE | ||||
r-oldrel-macos-x86_64 | 1.9.1 | NOTE | ||||
r-oldrel-windows-ix86+x86_64 | 1.9.1 | 37.00 | 125.00 | 162.00 | NOTE |
Version: 1.9.1
Check: LazyData
Result: NOTE
'LazyData' is specified without a 'data' directory
Flavors: r-devel-linux-x86_64-debian-clang, r-devel-linux-x86_64-debian-gcc, r-devel-linux-x86_64-fedora-clang, r-devel-linux-x86_64-fedora-gcc, r-patched-linux-x86_64, r-release-linux-x86_64, r-release-macos-arm64, r-release-macos-x86_64, r-release-windows-x86_64, r-oldrel-macos-arm64, r-oldrel-macos-x86_64, r-oldrel-windows-ix86+x86_64